t is the remainder when 8063636 is divided by 202?
200
What is the remainder when 23465 is divided by 1441?
409
What is the remainder when 1067310 is divided by 96933?
1047
Calculate the remainder when 352479 is divided by 351860.
619
Calculate the remainder when 161004 is divided by 4600.
4
Calculate the remainder when 9051360 is divided by 394.
392
Calculate the remainder when 9829176 is divided by 2457289.
20
Calculate the remainder when 710605 is divided by 4355.
740
What is the remainder when 13690823 is divided by 27714?
107
Calculate the remainder when 891196 is divided by 99016.
52
What is the remainder when 6446651 is divided by 3223311?
29
Calculate the remainder when 9950888 is divided by 2045.
1963
Calculate the remainder when 54394244 is divided by 11.
3
What is the remainder when 13236678 is divided by 882436?
138
Calculate the remainder when 89287967 is divided by 163.
153
Calculate the remainder when 178040 is divided by 422.
378
What is the remainder when 64400462 is divided by 815?
792
What is the remainder when 27256 is divided by 27047?
209
Calculate the remainder when 628336 is divided by 2109.
1963
Calculate the remainder when 27363461 is divided by 92.
85
What is the remainder when 29208767 is divided by 2043?
2039
What is the remainder when 8209890 is divided by 503?
427
Calculate the remainder when 101417 is divided by 6335.
57
Calculate the remainder when 9662456 is divided by 1377.
47
What is the remainder when 1709467 is divided by 25901?
1
What is the remainder when 13195 is divided by 11004?
2191
What is the remainder when 131114 is divided by 1240?
914
What is the remainder when 216059581 is divided by 11371556?
17
What is the remainder when 410467 is divided by 82091?
12
Calculate the remainder when 78185627 is divided by 3431.
3430
What is the remainder when 381768 is divided by 4711?
177
Calculate the remainder when 727535 is divided by 7.
4
What is the remainder when 9868 is divided by 734?
326
Calculate the remainder when 2194402 is divided by 4931.
107
What is the remainder when 1075434 is divided by 883?
823
What is the remainder when 19503354 is divided by 379?
14
Calculate the remainder when 28274495 is divided by 46.
43
What is the remainder when 113276357 is divided by 738?
737
Calculate the remainder when 17710514 is divided by 164.
154
What is the remainder when 205218 is divided by 101094?
3030
Calculate the remainder when 14750 is divided by 608.
158
Calculate the remainder when 365498 is divided by 7459.
7
What is the remainder when 468222772 is divided by 2968?
2964
Calculate the remainder when 14024826 is divided by 1558312.
18
What is the remainder when 8309 is divided by 463?
438
Calculate the remainder when 8533825 is divided by 608.
545
Calculate the remainder when 49265 is divided by 2094.
1103
Calculate the remainder when 3434455 is divided by 503.
474
What is the remainder when 3381516 is divided by 110?
6
Calculate the remainder when 5080327 is divided by 725760.
7
Calculate the remainder when 2107 is divided by 56.
35
Calculate the remainder when 2396010 is divided by 3915.
30
Calculate the remainder when 3939050 is divided by 787805.
25
What is the remainder when 2067946806 is divided by 10?
6
Calculate the remainder when 2045292 is divided by 511024.
1196
What is the remainder when 1599528 is divided by 199902?
312
Calculate the remainder when 759784 is divided by 1379.
1334
Calculate the remainder when 10232431 is divided by 7659.
7
What is the remainder when 432157 is divided by 2881?
7
Calculate the remainder when 91990761 is divided by 532.
513
Calculate the remainder when 23035998 is divided by 282.
264
What is the remainder when 4842082 is divided by 254846?
8
What is the remainder when 631066 is divided by 576?
346
What is the remainder when 1845071 is divided by 70955?
241
What is the remainder when 19537387 is divided by 65?
12
Calculate the remainder when 462881 is divided by 1017.
146
What is the remainder when 91770896 is divided by 75?
71
Calculate the remainder when 374854338 is divided by 28.
26
Calculate the remainder when 734888 is divided by 2313.
1667
Calculate the remainder when 567323 is divided by 662.
651
Calculate the remainder when 906262 is divided by 87.
70
What is the remainder when 2530293 is divided by 3990?
633
What is the remainder when 1323984 is divided by 93?
36
What is the remainder when 944172 is divided by 6093?
5850
What is the remainder when 696655 is divided by 86?
55
Calculate the remainder when 72606 is divided by 1133.
94
Calculate the remainder when 1878 is divided by 50.
28
What is the remainder when 8452540 is divided by 9886?
10
Calculate the remainder when 519193 is divided by 173038.
79
What is the remainder when 45500310 is divided by 51?
48
What is the remainder when 422081 is divided by 139795?
2696
Calculate the remainder when 35448155 is divided by 2532005.
85
What is the remainder when 114613508 is divided by 31?
29
What is the remainder when 57988981 is divided by 508675?
31
Calculate the remainder when 132361163 is divided by 9.
8
What is the remainder when 9604365 is divided by 541?
533
What is the remainder when 252439419 is divided by 39?
24
What is the remainder when 11887 is divided by 1580?
827
What is the remainder when 6294475 is divided by 37467?
19
Calculate the remainder when 31160524 is divided by 7643.
13
Calculate the remainder when 60461793 is divided by 2879132.
21
What is the remainder when 1513741 is divided by 48830?
11
Calculate the remainder when 69575027 is divided by 51.
11
Calculate the remainder when 4017622 is divided by 25.
22
What is the remainder when 64606 is divided by 31596?
1414
What is the remainder when 249129 is divided by 1929?
288
Calculate the remainder when 13064931 is divided by 4354977.
0
Calculate the remainder when 17584 is divided by 1323.
385
Calculate the remainder when 1397405 is divided by 465786.
47
Calculate the remainder when 220891 is divided by 1372.
1371
What is the remainder when 2723017 is divided by 84?
73
Calculate the remainder when 69913210 is divided by 1546.
1544
Calculate the remainder when 25175 is divided by 7780.
1835
What is the remainder when 34953 is divided by 14?
9
Calculate the remainder when 1493408 is divided by 215.
18
What is the remainder when 51924 is divided by 1685?
1374
Calculate the remainder when 104656 is divided by 286.
266
What is the remainder when 800380 is divided by 57167?
42
Calculate the remainder when 4544559 is divided by 1514853.
0
What is the remainder when 17674144 is divided by 17674142?
2
Calculate the remainder when 18225335 is divided by 506258.
47
Calculate the remainder when 4783 is divided by 955.
8
Calculate the remainder when 80378 is divided by 26790.
8
What is the remainder when 2194368 is divided by 438870?
18
Calculate the remainder when 38145 is divided by 152.
145
What is the remainder when 72160 is divided by 3434?
46
What is the remainder when 929527 is divided by 3380?
27
What is the remainder when 234949 is divided by 223?
130
What is the remainder when 12509460 is divided by 204?
180
What is the remainder when 33696974 is divided by 438?
320
What is the remainder when 2726065 is divided by 85?
30
What is the remainder when 66968380 is divided by 1328?
1324
What is the remainder when 170996 is divided by 572?
540
Calculate the remainder when 165057 is divided by 1512.
249
What is the remainder when 181903 is divided by 25969?
120
Calculate the remainder when 431606 is divided by 20.
6
What is the remainder when 78224975 is divided by 48?
47
Calculate the remainder when 10667627 is divided by 71.
19
What is the remainder when 148431 is divided by 13342?
1669
Calculate the remainder when 8466600 is divided by 1411088.
72
Calculate the remainder when 234895213 is divided by 2697.
2695
What is the remainder when 73399 is divided by 3225?
2449
What is the remainder when 221586 is divided by 2546?
84
Calculate the remainder when 25106449 is divided by 443.
310
Calculate the remainder when 138379 is divided by 606.
211
Calculate the remainder when 122256 is divided by 2448.
2304
What is the remainder when 11122642 is divided by 37?
35
Calculate the remainder when 1005651 is divided by 735.
171
What is the remainder